te?
False
Is 21000917 composite?
True
Is 55636813 a composite number?
True
Is 14733553 prime?
False
Is 28933663 a prime number?
False
Is 183377281 a prime number?
True
Is 1698553 a composite number?
False
Is 29961913 prime?
True
Is 11161049 prime?
False
Is 834979 a prime number?
False
Is 191722121 prime?
False
Is 41341 a composite number?
False
Is 6236359 prime?
False
Is 6656947 prime?
False
Is 19212019 a prime number?
True
Is 44462213 composite?
False
Is 806422327 a prime number?
True
Is 138345067 a prime number?
False
Is 6968327 composite?
False
Is 9755017 a composite number?
False
Is 2140619 prime?
False
Is 10061141 prime?
True
Is 4964629 a prime number?
False
Is 55907347 prime?
True
Is 90076367 a composite number?
False
Is 191142053 composite?
True
Is 1589803 composite?
False
Is 13648181 a composite number?
False
Is 18378589 a prime number?
False
Is 57525847 prime?
True
Is 27358795 a prime number?
False
Is 9859999 prime?
True
Is 4851589 a composite number?
True
Is 5695531 a prime number?
True
Is 1629377791 composite?
False
Is 896617 composite?
False
Is 163705739 prime?
True
Is 127241 composite?
False
Is 252372083 prime?
True
Is 1302117 a prime number?
False
Is 3971941 a prime number?
False
Is 19299103 a prime number?
True
Is 3583729 a prime number?
False
Is 5410253 a composite number?
False
Is 1761493 a composite number?
False
Is 354438649 a composite number?
True
Is 1166794 composite?
True
Is 28435273 prime?
True
Is 6113297 prime?
True
Is 984847 prime?
True
Is 31473703 a prime number?
True
Is 1887083 composite?
True
Is 740932627 a prime number?
True
Is 974521 a prime number?
False
Is 88366301 a composite number?
False
Is 3983037 prime?
False
Is 52906699 composite?
False
Is 353502293 prime?
True
Is 389191 composite?
True
Is 527690437 composite?
True
Is 1036199 composite?
True
Is 1025242 a prime number?
False
Is 1400249971 a composite number?
False
Is 1479967 a prime number?
False
Is 85600274 prime?
False
Is 4048417 prime?
True
Is 20324641 a composite number?
False
Is 6320591 a composite number?
True
Is 212149757 a composite number?
False
Is 1781527 composite?
True
Is 810659 prime?
True
Is 464766711 composite?
True
Is 4229557 a composite number?
True
Is 2867853 a composite number?
True
Is 85898957 prime?
False
Is 151612823 a composite number?
False
Is 896605865 a prime number?
False
Is 536724367 a composite number?
False
Is 26110229 a composite number?
False
Is 1299631 composite?
False
Is 710327 composite?
False
Is 4277551 a prime number?
False
Is 649408831 composite?
False
Is 53933569 a composite number?
False
Is 2003387 a prime number?
True
Is 3712601 a composite number?
False
Is 872453 composite?
False
Is 11085719 composite?
False
Is 2457071 a composite number?
True
Is 19071361 composite?
True
Is 5984389 a prime number?
False
Is 18503951 composite?
False
Is 8664821 a composite number?
True
Is 21211 prime?
True
Is 259135 prime?
False
Is 72467845 a composite number?
True
Is 276625119 a prime number?
False
Is 4494019 prime?
True
Is 12584533 a prime number?
False
Is 532806895 composite?
True
Is 661654313 a composite number?
True
Is 16924147 a prime number?
False
Is 22196143 prime?
True
Is 92306431 a prime number?
False
Is 260630807 composite?
False
Is 2593813 a composite number?
True
Is 5837999 composite?
False
Is 17846363 composite?
False
Is 19817107 a prime number?
True
Is 50744467 prime?
True
Is 17011895 prime?
False
Is 1552229 a prime number?
False
Is 68597597 a prime number?
False
Is 1713989 composite?
False
Is 2099179 prime?
True
Is 461471 a prime number?
False
Is 19905341 a prime number?
True
Is 22840397 composite?
True
Is 23330447 prime?
False
Is 152083873 a composite number?
False
Is 444991 a prime number?
False
Is 137973161 a prime number?
True
Is 1989121 composite?
True
Is 1350697 composite?
False
Is 19490647 a composite number?
True
Is 1606723 a composite number?
False
Is 311124623 a composite number?
False
Is 4643495 a composite number?
True
Is 34231241 composite?
True
Is 20335253 a composite number?
False
Is 13838739 a composite number?
True
Is 11427697 a composite number?
False
Is 247280873 a composite number?
True
Is 20154073 prime?
False
Is 4477177 composite?
True
Is 3335779 prime?
False
Is 8779853 prime?
True
Is 3608897 a prime number?
True
Is 2116783 a prime number?
True
Is 708658 a composite number?
True
Is 935041619 a prime number?
True
Is 8470639 composite?
True
Is 65016389 prime?
True
Is 19766689 composite?
True
Is 113122381 prime?
True
Is 90192035 a prime number?
False
Is 7007549 a prime number?
False
Is 1039762 prime?
False
Is 2172494 prime?
False
Is 1623763 composite?
False
Is 22227787 composite?
True
Is 8786551 a prime number?
False
Is 6673157 a prime number?
False
Is 72138203 a prime number?
False
Is 94909853 a prime number?
True
Is 5719807 prime?
True
Is 6674873 a prime number?
False
Is 9560483 a composite number?
False
Is 2455253 composite?
False
Is 9604549 prime?
True
Is 63511451 a prime number?
True
Is 828517 a prime number?
True
Is 40372693 prime?
False
Is 140493527 prime?
True
Is 8499113 a composite number?
True
Is 27199691 composite?
False
Is 3194447 prime?
False
Is 7887419 prime?
False
Is 174523109 a composite number?
True
Is 43447 a prime number?
False
Is 101237189 a prime number?
True
Is 13450733 composite?
False
Is 2543757 a prime number?
False
Is 582001057 a prime number?
False
Is 112605221 a prime number?
True
Is 16019893 prime?
False
Is 12685973 a composite number?
True
Is 65472307 prime?
False
Is 7485251 prime?
True
Is 7095079 prime?
True
Is 54327191 a composite number?
False
Is 3536987 a prime number?
True
Is 32684927 prime?
False
Is 16086653 a composite number?
True
Is 30215753 prime?
True
Is 17380439 a composite number?
False
Is 4400507 a prime number?
True
Is 1797909 prime?
False
Is 553003673 a composite number?
False
Is 119474117 a prime number?
False
Is 691381 composite?
False
Is 512529 prime?
False
Is 56092319 a composite number?
True
Is 45591281 a composite number?
False
Is 666123163 a prime number?
False
Is 259949 a prime number?
True
Is 35897539 a composite number?
False
Is 16966707 a composite number?
True
Is 74138749 composite?
True
Is 1743194 composite?
True
Is 5799481 a composite number?
False
Is 2647459 prime?
True
Is 2237323 prime?
False
Is 313794457 composite?
False
Is 130034647 composite?
False
Is 2840989 prime?
False
Is 31303751 prime?
True
Is 515917 composite?
False
Is 148121305 a prime number?
False
Is 17636287 a composite number?
False
Is 12157553 composite?
False
Is 2037017 composite?
False
Is 49265962 a composite number?
True
Is 19801279 a prime number?
True
Is 2523251 a prime number?
True
Is 2367307 prime?
False
Is 1883605 a prime number?
False
Is 938344321 a prime number?
True
Is 91949207 a composite number?
True
Is 68195173 a prime number?
True
Is 5271653 a composite number?
False
Is 229947 composite?
True
Is 196554682 a prime number?
False
Is 745489 a composite number?
True
Is 2462815 a prime number?
False
Is 3150229 a composite number?
False
Is 49722317 a composite number?
False
Is 72156767 composite?
False
Is 13858787 a prime number?
False
Is 8043649 a composite number?
False
Is 12134282 prime?
False
Is 132407 a prime number?
False
Is 179555 composite?
True
Is 69101257 composite?
False
Is 2571497 composite?
False
Is 26968427 composite?
True
Is 6614507 composite?
False
Is 10273677 composite?
True
Is 2055367 a prime number?
True
Is 546001 composite?
False
Is 33598111 prime?
True
Is 803400214 a composite number?
True
Is 416719 prime?
True
Is 282835109 a composite number?
True
Is 12105769 a composite number?
True
Is 14223005 prime?
False
Is 12833097 a prime number?
False
Is 439249 prime?
False
Is 1259527 a composite number?
False
Is 4300141 a composite number?
False
Is 285953263 composite?
False
Is 4250263 prime?
False
Is 560523 a prime number?
False
Is 141635731 composite?
False
Is 140840039 prime?
True
Is 3314611 composite?
True
Is 20936255 a prime number?
False
Is 130967849 prime?
False
Is 47221969 prime?
True
Is 757619 composite?
True
Is 49056419 a prime number?
False
Is 966373 prime?
True
Is 1651073 a prime number?
True
Is 3372197 composite?
False
Is 36713179 a composite number?
False
Is 116418781 a composite number?
True
Is 678491 composite?
True
Is 48495841 comp